{"id":2709,"date":"2025-01-10T15:59:55","date_gmt":"2025-01-10T14:59:55","guid":{"rendered":"http:\/\/192.0.0.130\/wordpress\/?page_id=2709"},"modified":"2025-03-27T11:59:31","modified_gmt":"2025-03-27T10:59:31","slug":"ch_etablissement","status":"publish","type":"page","link":"https:\/\/www.ch-shm.fr\/?page_id=2709","title":{"rendered":"Conna\u00eetre le CH"},"content":{"rendered":"\t\t<div data-elementor-type=\"wp-page\" data-elementor-id=\"2709\" class=\"elementor elementor-2709\">\n\t\t\t\t\t\t<section class=\"elementor-section elementor-top-section elementor-element elementor-element-1a8ceca elementor-section-boxed elementor-section-height-default elementor-section-height-default\" data-id=\"1a8ceca\" data-element_type=\"section\">\n\t\t\t\t\t\t<div class=\"elementor-container elementor-column-gap-default\">\n\t\t\t\t\t<div class=\"elementor-column elementor-col-100 elementor-top-column elementor-element elementor-element-2110b9e\" data-id=\"2110b9e\" data-element_type=\"column\">\n\t\t\t<div class=\"elementor-widget-wrap elementor-element-populated\">\n\t\t\t\t\t\t<div class=\"elementor-element elementor-element-ecf0b18 elementor-widget elementor-widget-heading\" data-id=\"ecf0b18\" data-element_type=\"widget\" data-widget_type=\"heading.default\">\n\t\t\t\t<div class=\"elementor-widget-container\">\n\t\t\t\t\t<h2 class=\"elementor-heading-title elementor-size-default\">Etablissement<\/h2>\t\t\t\t<\/div>\n\t\t\t\t<\/div>\n\t\t\t\t<div class=\"elementor-element elementor-element-5aff30e elementor-widget elementor-widget-image\" data-id=\"5aff30e\" data-element_type=\"widget\" data-widget_type=\"image.default\">\n\t\t\t\t<div class=\"elementor-widget-container\">\n\t\t\t\t\t\t\t\t\t\t\t\t\t\t\t<img decoding=\"async\" src=\"http:\/\/192.0.0.130\/wordpress\/wp-content\/uploads\/2024\/12\/hopital-chaumont.png\" title=\"\" alt=\"\" loading=\"lazy\" \/>\t\t\t\t\t\t\t\t\t\t\t\t\t\t\t<\/div>\n\t\t\t\t<\/div>\n\t\t\t\t<div class=\"elementor-element elementor-element-a40cd4a elementor-widget elementor-widget-heading\" data-id=\"a40cd4a\" data-element_type=\"widget\" data-widget_type=\"heading.default\">\n\t\t\t\t<div class=\"elementor-widget-container\">\n\t\t\t\t\t<h2 class=\"elementor-heading-title elementor-size-default\">Histoire <\/h2>\t\t\t\t<\/div>\n\t\t\t\t<\/div>\n\t\t\t\t<div class=\"elementor-element elementor-element-c793e4e elementor-widget elementor-widget-text-editor\" data-id=\"c793e4e\" data-element_type=\"widget\" data-widget_type=\"text-editor.default\">\n\t\t\t\t<div class=\"elementor-widget-container\">\n\t\t\t\t\t\t\t\t\t<p><span style=\"color: #00003f;\"><strong>\u00ab Cet h\u00f4pital est si ancien que l&rsquo;on ne voit point l&rsquo;\u00e9poque certaine du temps de son \u00e9tablissement \u00bb<br \/><\/strong><strong>(Registre de l&rsquo;H\u00f4tel-Dieu, 1725)<br \/><\/strong><\/span><\/p><p><span style=\"color: #00003f;\">Si son origine remonte probablement au d\u00e9but de ce mill\u00e9naire, l&rsquo;H\u00f4tel-Dieu, lieu de charit\u00e9 au c\u0153ur de la cit\u00e9 qui jouxtait l&rsquo;\u00e9glise Saint-Michel situ\u00e9e sur l&rsquo;actuelle Place des Halles, ferma ses portes en 1748 pour inadaptation et insalubrit\u00e9.<\/span><\/p><p><span style=\"color: #00003f;\">Des dons de toute nature permirent la mise en service en 1767 de l&rsquo;h\u00f4pital de Chaumont, construit de part et d&rsquo;autre de la chapelle.<\/span><\/p><p><span style=\"color: #00003f;\">Sous la conduite mat\u00e9rielle et spirituelle des religieuses de la Confr\u00e9rie des Filles de la Charit\u00e9, l&rsquo;\u00e9tablissement s&rsquo;est agrandi au cours du 19\u00e8me si\u00e8cle \u2013 pavillon VILLEMIN, d\u00e9truit et remplac\u00e9 par une partie du nouveau plateau technique abritant le laboratoire, l&rsquo;accueil des urgences et le SAMU\/SMUR ; puis juste avant la premi\u00e8re guerre mondiale \u2013 les pavillons MAILLOT et LARREY, r\u00e9serv\u00e9s \u00e0 l&rsquo;hospitalisation des militaires.<\/span><\/p><p><span style=\"color: #00003f;\">Entre les deux guerres, l&rsquo;accroissement des besoins de la population civile justifia la construction du pavillon HUTINEL.<\/span><\/p><p><span style=\"color: #00003f;\">De 1945 \u00e0 nos jours, l&rsquo;\u00e9tablissement a assur\u00e9 son d\u00e9veloppement par la r\u00e9alisation de la maternit\u00e9 en 1954, du bloc op\u00e9ratoire install\u00e9 en 1972 dans le b\u00e2timent d&rsquo;entr\u00e9e de l&rsquo;h\u00f4pital ainsi que la construction de locaux d&rsquo;hospitalisation reliant entre eux les pavillons MAILLOT, LARREY et HUTINEL pour former un grand E.<\/span><\/p><p><span style=\"color: #00003f;\">La construction du nouveau plateau technique a \u00e9t\u00e9 r\u00e9alis\u00e9e en deux b\u00e2timents, les travaux se sont achev\u00e9s en fin d&rsquo;ann\u00e9e 2000. Ils participent \u00e0 la modernisation n\u00e9cessaire du Centre Hospitalier de Chaumont.<\/span><\/p><p><span style=\"color: #00003f;\">Ces deux b\u00e2timents regroupent d&rsquo;une part les services d&rsquo;urgences, de biologie m\u00e9dicale, le SAMU, le SMUR, et d&rsquo;autre part l&rsquo;imagerie m\u00e9dicale, le bloc de r\u00e9animation, la st\u00e9rilisation centrale et le service biom\u00e9dical.<\/span><\/p><p><span style=\"color: #00003f;\">L&rsquo;\u00e9tat de d\u00e9pendance accrue des personnes \u00e2g\u00e9es h\u00e9berg\u00e9es depuis 1955 \u00e0 Riaucourt a n\u00e9cessit\u00e9 la r\u00e9habilitation totale du site et la cr\u00e9ation d&rsquo;une unit\u00e9 Alzheimer.\u00a0<\/span><\/p>\t\t\t\t\t\t\t\t<\/div>\n\t\t\t\t<\/div>\n\t\t\t\t<div class=\"elementor-element elementor-element-2e8e4b3 elementor-widget-divider--view-line elementor-widget elementor-widget-divider\" data-id=\"2e8e4b3\" data-element_type=\"widget\" data-widget_type=\"divider.default\">\n\t\t\t\t<div class=\"elementor-widget-container\">\n\t\t\t\t\t\t\t<div class=\"elementor-divider\">\n\t\t\t<span class=\"elementor-divider-separator\">\n\t\t\t\t\t\t<\/span>\n\t\t<\/div>\n\t\t\t\t\t\t<\/div>\n\t\t\t\t<\/div>\n\t\t\t\t<div class=\"elementor-element elementor-element-5734410 elementor-widget elementor-widget-heading\" data-id=\"5734410\" data-element_type=\"widget\" data-widget_type=\"heading.default\">\n\t\t\t\t<div class=\"elementor-widget-container\">\n\t\t\t\t\t<h2 class=\"elementor-heading-title elementor-size-default\">Pr\u00e9sentation<\/h2>\t\t\t\t<\/div>\n\t\t\t\t<\/div>\n\t\t\t\t<div class=\"elementor-element elementor-element-7bc65f4 elementor-widget elementor-widget-text-editor\" data-id=\"7bc65f4\" data-element_type=\"widget\" data-widget_type=\"text-editor.default\">\n\t\t\t\t<div class=\"elementor-widget-container\">\n\t\t\t\t\t\t\t\t\t<p><span style=\"color: #00003f; font-size: 12pt;\">Le <strong>Centre Hospitalier de Chaumont<\/strong> est un \u00e9tablissement de sant\u00e9 de r\u00e9f\u00e9rence, engag\u00e9 dans une mission essentielle : offrir des soins de qualit\u00e9, accessibles \u00e0 tous. Situ\u00e9 au c\u0153ur du territoire haut-marnais, notre h\u00f4pital est au service de la population locale, r\u00e9pondant \u00e0 leurs besoins de sant\u00e9 avec expertise et humanit\u00e9.<\/span><\/p><h4><span style=\"color: #00003f; font-size: 12pt;\"><strong>Nos engagements :<\/strong><\/span><\/h4><ul><li><span style=\"color: #00003f; font-size: 12pt;\"><strong>Des soins de qualit\u00e9<\/strong> : Nous mettons \u00e0 disposition une \u00e9quipe m\u00e9dicale et soignante comp\u00e9tente et des \u00e9quipements modernes pour r\u00e9pondre aux besoins de nos patients.<\/span><\/li><li><span style=\"color: #00003f; font-size: 12pt;\"><strong>Une prise en charge globale<\/strong> : Du diagnostic \u00e0 la r\u00e9habilitation, nous accompagnons nos patients \u00e0 chaque \u00e9tape de leur parcours de sant\u00e9.<\/span><\/li><li><span style=\"color: #00003f; font-size: 12pt;\"><strong>Proximit\u00e9 et humanit\u00e9<\/strong> : Notre priorit\u00e9 est de garantir un accueil chaleureux, une \u00e9coute attentive et une prise en charge respectueuse des attentes de chacun.<\/span><\/li><\/ul><h4><span style=\"color: #00003f; font-size: 12pt;\"><strong>Nos services :<\/strong><\/span><\/h4><p><span style=\"color: #00003f; font-size: 12pt;\">Le Centre Hospitalier de Chaumont propose une large gamme de services pour r\u00e9pondre \u00e0 tous<\/span><\/p><ul><li><span style=\"color: #00003f; font-size: 12pt;\"><strong>Urgences et soins de proximit\u00e9<\/strong><\/span><\/li><li><span style=\"color: #00003f; font-size: 12pt;\"><strong>Chirurgie<\/strong> (orthop\u00e9dique, digestive, etc.)<\/span><\/li><li><span style=\"color: #00003f; font-size: 12pt;\"><strong>M\u00e9decine interne<\/strong> (cardiologie, pneumologie, etc.)<\/span><\/li><li><span style=\"color: #00003f; font-size: 12pt;\"><strong>Maternit\u00e9 et p\u00e9diatrie<\/strong><\/span><\/li><li><span style=\"color: #00003f; font-size: 12pt;\"><strong>Soins de suite et r\u00e9adaptation<\/strong><\/span><\/li><li><span style=\"color: #00003f; font-size: 12pt;\"><strong>G\u00e9riatrie<\/strong><\/span><\/li><\/ul><h4><span style=\"color: #00003f; font-size: 12pt;\"><strong>Un acteur de sant\u00e9 sur le territoire<\/strong><\/span><\/h4><p><span style=\"color: #00003f; font-size: 12pt;\">En collaboration avec d\u2019autres \u00e9tablissements et acteurs de sant\u00e9, le Centre Hospitalier de Chaumont joue un r\u00f4le cl\u00e9 dans le r\u00e9seau r\u00e9gional de soins, en veillant \u00e0 renforcer l\u2019acc\u00e8s aux services de sant\u00e9 pour tous.<\/span><\/p><h4><span style=\"color: #00003f; font-size: 12pt;\"><strong>Notre \u00e9quipe :<\/strong><\/span><\/h4><p><span style=\"color: #00003f; font-size: 12pt;\">Le CH de Chaumont regroupe une \u00e9quipe pluridisciplinaire compos\u00e9e de m\u00e9decins, infirmiers, aides-soignants, personnels administratifs et techniques, qui travaillent ensemble pour assurer une prise en charge optimale des patients.<\/span><\/p>\t\t\t\t\t\t\t\t<\/div>\n\t\t\t\t<\/div>\n\t\t\t\t<div class=\"elementor-element elementor-element-9a05653 elementor-widget-divider--view-line elementor-widget elementor-widget-divider\" data-id=\"9a05653\" data-element_type=\"widget\" data-widget_type=\"divider.default\">\n\t\t\t\t<div class=\"elementor-widget-container\">\n\t\t\t\t\t\t\t<div class=\"elementor-divider\">\n\t\t\t<span class=\"elementor-divider-separator\">\n\t\t\t\t\t\t<\/span>\n\t\t<\/div>\n\t\t\t\t\t\t<\/div>\n\t\t\t\t<\/div>\n\t\t\t\t\t<\/div>\n\t\t<\/div>\n\t\t\t\t\t<\/div>\n\t\t<\/section>\n\t\t\t\t<section class=\"elementor-section elementor-top-section elementor-element elementor-element-8af5356 elementor-section-boxed elementor-section-height-default elementor-section-height-default\" data-id=\"8af5356\" data-element_type=\"section\">\n\t\t\t\t\t\t<div class=\"elementor-container elementor-column-gap-default\">\n\t\t\t\t\t<div class=\"elementor-column elementor-col-100 elementor-top-column elementor-element elementor-element-767d0d5\" data-id=\"767d0d5\" data-element_type=\"column\">\n\t\t\t<div class=\"elementor-widget-wrap elementor-element-populated\">\n\t\t\t\t\t\t<div class=\"elementor-element elementor-element-a17b236 elementor-widget elementor-widget-heading\" data-id=\"a17b236\" data-element_type=\"widget\" data-widget_type=\"heading.default\">\n\t\t\t\t<div class=\"elementor-widget-container\">\n\t\t\t\t\t<h2 class=\"elementor-heading-title elementor-size-default\">Acc\u00e8s\/Parking<\/h2>\t\t\t\t<\/div>\n\t\t\t\t<\/div>\n\t\t\t\t\t<\/div>\n\t\t<\/div>\n\t\t\t\t\t<\/div>\n\t\t<\/section>\n\t\t\t\t<section class=\"elementor-section elementor-top-section elementor-element elementor-element-0dd34b7 elementor-section-boxed elementor-section-height-default elementor-section-height-default\" data-id=\"0dd34b7\" data-element_type=\"section\">\n\t\t\t\t\t\t<div class=\"elementor-container elementor-column-gap-default\">\n\t\t\t\t\t<div class=\"elementor-column elementor-col-100 elementor-top-column elementor-element elementor-element-ef9daa8\" data-id=\"ef9daa8\" data-element_type=\"column\">\n\t\t\t<div class=\"elementor-widget-wrap elementor-element-populated\">\n\t\t\t\t\t\t<div class=\"elementor-element elementor-element-e0aeb03 elementor-widget elementor-widget-google_maps\" data-id=\"e0aeb03\" data-element_type=\"widget\" data-widget_type=\"google_maps.default\">\n\t\t\t\t<div class=\"elementor-widget-container\">\n\t\t\t\t\t\t\t<div class=\"elementor-custom-embed\">\n\t\t\t<iframe loading=\"lazy\"\n\t\t\t\t\tsrc=\"https:\/\/maps.google.com\/maps?q=Parking%20h%C3%B4pital%20chaumont%2052000&#038;t=m&#038;z=10&#038;output=embed&#038;iwloc=near\"\n\t\t\t\t\ttitle=\"Parking h\u00f4pital chaumont 52000\"\n\t\t\t\t\taria-label=\"Parking h\u00f4pital chaumont 52000\"\n\t\t\t><\/iframe>\n\t\t<\/div>\n\t\t\t\t\t\t<\/div>\n\t\t\t\t<\/div>\n\t\t\t\t\t<\/div>\n\t\t<\/div>\n\t\t\t\t\t<\/div>\n\t\t<\/section>\n\t\t\t\t<section class=\"elementor-section elementor-top-section elementor-element elementor-element-90b076c elementor-section-boxed elementor-section-height-default elementor-section-height-default\" data-id=\"90b076c\" data-element_type=\"section\">\n\t\t\t\t\t\t<div class=\"elementor-container elementor-column-gap-default\">\n\t\t\t\t\t<div class=\"elementor-column elementor-col-100 elementor-top-column elementor-element elementor-element-20549ea\" data-id=\"20549ea\" data-element_type=\"column\">\n\t\t\t<div class=\"elementor-widget-wrap elementor-element-populated\">\n\t\t\t\t\t\t<div class=\"elementor-element elementor-element-e2ea87e elementor-widget elementor-widget-heading\" data-id=\"e2ea87e\" data-element_type=\"widget\" data-widget_type=\"heading.default\">\n\t\t\t\t<div class=\"elementor-widget-container\">\n\t\t\t\t\t<h2 class=\"elementor-heading-title elementor-size-default\">Partenaires<\/h2>\t\t\t\t<\/div>\n\t\t\t\t<\/div>\n\t\t\t\t\t<\/div>\n\t\t<\/div>\n\t\t\t\t\t<\/div>\n\t\t<\/section>\n\t\t\t\t<section class=\"elementor-section elementor-top-section elementor-element elementor-element-7f15ad6 elementor-section-boxed elementor-section-height-default elementor-section-height-default\" data-id=\"7f15ad6\" data-element_type=\"section\">\n\t\t\t\t\t\t<div class=\"elementor-container elementor-column-gap-default\">\n\t\t\t\t\t<div class=\"elementor-column elementor-col-100 elementor-top-column elementor-element elementor-element-4399563\" data-id=\"4399563\" data-element_type=\"column\">\n\t\t\t<div class=\"elementor-widget-wrap elementor-element-populated\">\n\t\t\t\t\t\t\t<\/div>\n\t\t<\/div>\n\t\t\t\t\t<\/div>\n\t\t<\/section>\n\t\t\t\t<\/div>\n\t\t","protected":false},"excerpt":{"rendered":"<p>Etablissement Histoire \u00ab Cet h\u00f4pital est si ancien que l&rsquo;on ne voit point l&rsquo;\u00e9poque certaine du temps de son \u00e9tablissement \u00bb(Registre de l&rsquo;H\u00f4tel-Dieu, 1725) Si son origine remonte probablement au d\u00e9but de ce mill\u00e9naire, l&rsquo;H\u00f4tel-Dieu, lieu de charit\u00e9 au c\u0153ur de la cit\u00e9 qui jouxtait l&rsquo;\u00e9glise Saint-Michel situ\u00e9e sur l&rsquo;actuelle Place des Halles, ferma ses [&hellip;]<\/p>\n","protected":false},"author":2,"featured_media":0,"parent":0,"menu_order":0,"comment_status":"closed","ping_status":"closed","template":"","meta":{"ocean_post_layout":"","ocean_both_sidebars_style":"","ocean_both_sidebars_content_width":0,"ocean_both_sidebars_sidebars_width":0,"ocean_sidebar":"","ocean_second_sidebar":"","ocean_disable_margins":"enable","ocean_add_body_class":"","ocean_shortcode_before_top_bar":"","ocean_shortcode_after_top_bar":"","ocean_shortcode_before_header":"","ocean_shortcode_after_header":"","ocean_has_shortcode":"","ocean_shortcode_after_title":"","ocean_shortcode_before_footer_widgets":"","ocean_shortcode_after_footer_widgets":"","ocean_shortcode_before_footer_bottom":"","ocean_shortcode_after_footer_bottom":"","ocean_display_top_bar":"default","ocean_display_header":"default","ocean_header_style":"","ocean_center_header_left_menu":"","ocean_custom_header_template":"","ocean_custom_logo":0,"ocean_custom_retina_logo":0,"ocean_custom_logo_max_width":0,"ocean_custom_logo_tablet_max_width":0,"ocean_custom_logo_mobile_max_width":0,"ocean_custom_logo_max_height":0,"ocean_custom_logo_tablet_max_height":0,"ocean_custom_logo_mobile_max_height":0,"ocean_header_custom_menu":"","ocean_menu_typo_font_family":"","ocean_menu_typo_font_subset":"","ocean_menu_typo_font_size":0,"ocean_menu_typo_font_size_tablet":0,"ocean_menu_typo_font_size_mobile":0,"ocean_menu_typo_font_size_unit":"px","ocean_menu_typo_font_weight":"","ocean_menu_typo_font_weight_tablet":"","ocean_menu_typo_font_weight_mobile":"","ocean_menu_typo_transform":"","ocean_menu_typo_transform_tablet":"","ocean_menu_typo_transform_mobile":"","ocean_menu_typo_line_height":0,"ocean_menu_typo_line_height_tablet":0,"ocean_menu_typo_line_height_mobile":0,"ocean_menu_typo_line_height_unit":"","ocean_menu_typo_spacing":0,"ocean_menu_typo_spacing_tablet":0,"ocean_menu_typo_spacing_mobile":0,"ocean_menu_typo_spacing_unit":"","ocean_menu_link_color":"","ocean_menu_link_color_hover":"","ocean_menu_link_color_active":"","ocean_menu_link_background":"","ocean_menu_link_hover_background":"","ocean_menu_link_active_background":"","ocean_menu_social_links_bg":"","ocean_menu_social_hover_links_bg":"","ocean_menu_social_links_color":"","ocean_menu_social_hover_links_color":"","ocean_disable_title":"default","ocean_disable_heading":"default","ocean_post_title":"","ocean_post_subheading":"","ocean_post_title_style":"","ocean_post_title_background_color":"","ocean_post_title_background":0,"ocean_post_title_bg_image_position":"","ocean_post_title_bg_image_attachment":"","ocean_post_title_bg_image_repeat":"","ocean_post_title_bg_image_size":"","ocean_post_title_height":0,"ocean_post_title_bg_overlay":0.5,"ocean_post_title_bg_overlay_color":"","ocean_disable_breadcrumbs":"default","ocean_breadcrumbs_color":"","ocean_breadcrumbs_separator_color":"","ocean_breadcrumbs_links_color":"","ocean_breadcrumbs_links_hover_color":"","ocean_display_footer_widgets":"default","ocean_display_footer_bottom":"default","ocean_custom_footer_template":"","footnotes":""},"class_list":["post-2709","page","type-page","status-publish","hentry","entry"],"_links":{"self":[{"href":"https:\/\/www.ch-shm.fr\/index.php?rest_route=\/wp\/v2\/pages\/2709","targetHints":{"allow":["GET"]}}],"collection":[{"href":"https:\/\/www.ch-shm.fr\/index.php?rest_route=\/wp\/v2\/pages"}],"about":[{"href":"https:\/\/www.ch-shm.fr\/index.php?rest_route=\/wp\/v2\/types\/page"}],"author":[{"embeddable":true,"href":"https:\/\/www.ch-shm.fr\/index.php?rest_route=\/wp\/v2\/users\/2"}],"replies":[{"embeddable":true,"href":"https:\/\/www.ch-shm.fr\/index.php?rest_route=%2Fwp%2Fv2%2Fcomments&post=2709"}],"version-history":[{"count":17,"href":"https:\/\/www.ch-shm.fr\/index.php?rest_route=\/wp\/v2\/pages\/2709\/revisions"}],"predecessor-version":[{"id":4779,"href":"https:\/\/www.ch-shm.fr\/index.php?rest_route=\/wp\/v2\/pages\/2709\/revisions\/4779"}],"wp:attachment":[{"href":"https:\/\/www.ch-shm.fr\/index.php?rest_route=%2Fwp%2Fv2%2Fmedia&parent=2709"}],"curies":[{"name":"wp","href":"https:\/\/api.w.org\/{rel}","templated":true}]}}