{"id":2227,"date":"2025-01-10T16:00:18","date_gmt":"2025-01-10T15:00:18","guid":{"rendered":"http:\/\/192.0.0.130\/wordpress\/?page_id=2227"},"modified":"2025-02-11T15:39:31","modified_gmt":"2025-02-11T14:39:31","slug":"l_medecine-e","status":"publish","type":"page","link":"https:\/\/www.ch-shm.fr\/?page_id=2227","title":{"rendered":"L_M\u00e9decine E"},"content":{"rendered":"\t\t<div data-elementor-type=\"wp-page\" data-elementor-id=\"2227\" class=\"elementor elementor-2227\">\n\t\t\t\t\t\t<section class=\"elementor-section elementor-top-section elementor-element elementor-element-b2c358b elementor-section-boxed elementor-section-height-default elementor-section-height-default\" data-id=\"b2c358b\" data-element_type=\"section\" data-settings=\"{&quot;background_background&quot;:&quot;classic&quot;}\">\n\t\t\t\t\t\t<div class=\"elementor-container elementor-column-gap-default\">\n\t\t\t\t\t<div class=\"elementor-column elementor-col-100 elementor-top-column elementor-element elementor-element-471b728\" data-id=\"471b728\" data-element_type=\"column\">\n\t\t\t<div class=\"elementor-widget-wrap elementor-element-populated\">\n\t\t\t\t\t\t<div class=\"elementor-element elementor-element-1c106e6 elementor-widget elementor-widget-heading\" data-id=\"1c106e6\" data-element_type=\"widget\" data-widget_type=\"heading.default\">\n\t\t\t\t<div class=\"elementor-widget-container\">\n\t\t\t\t\t<h2 class=\"elementor-heading-title elementor-size-default\">M\u00e9decine E - Consultations\/HDJ<\/h2>\t\t\t\t<\/div>\n\t\t\t\t<\/div>\n\t\t\t\t\t<\/div>\n\t\t<\/div>\n\t\t\t\t\t<\/div>\n\t\t<\/section>\n\t\t\t\t<section class=\"elementor-section elementor-top-section elementor-element elementor-element-d9b11f4 elementor-section-boxed elementor-section-height-default elementor-section-height-default\" data-id=\"d9b11f4\" data-element_type=\"section\">\n\t\t\t\t\t\t<div class=\"elementor-container elementor-column-gap-default\">\n\t\t\t\t\t<div class=\"elementor-column elementor-col-100 elementor-top-column elementor-element elementor-element-893bfc8\" data-id=\"893bfc8\" data-element_type=\"column\">\n\t\t\t<div class=\"elementor-widget-wrap elementor-element-populated\">\n\t\t\t\t\t\t<div class=\"elementor-element elementor-element-f9a41f9 elementor-widget elementor-widget-text-editor\" data-id=\"f9a41f9\" data-element_type=\"widget\" data-widget_type=\"text-editor.default\">\n\t\t\t\t<div class=\"elementor-widget-container\">\n\t\t\t\t\t\t\t\t\t<p><span style=\"color: #00003f;\">(Algologie, Angiologie, Cardiologie, Diab\u00e9tologie-Endocrinologie, N\u00e9phrologie, Neuro-Chirurgie, Neurologie, Pneumo-Oncologie, Pneumologie, Rhumatologie).<\/span><\/p>\t\t\t\t\t\t\t\t<\/div>\n\t\t\t\t<\/div>\n\t\t\t\t<div class=\"elementor-element elementor-element-6c53b7f elementor-widget-divider--view-line elementor-widget elementor-widget-divider\" data-id=\"6c53b7f\" data-element_type=\"widget\" data-widget_type=\"divider.default\">\n\t\t\t\t<div class=\"elementor-widget-container\">\n\t\t\t\t\t\t\t<div class=\"elementor-divider\">\n\t\t\t<span class=\"elementor-divider-separator\">\n\t\t\t\t\t\t<\/span>\n\t\t<\/div>\n\t\t\t\t\t\t<\/div>\n\t\t\t\t<\/div>\n\t\t\t\t<div class=\"elementor-element elementor-element-9b6ac7f elementor-widget elementor-widget-heading\" data-id=\"9b6ac7f\" data-element_type=\"widget\" data-widget_type=\"heading.default\">\n\t\t\t\t<div class=\"elementor-widget-container\">\n\t\t\t\t\t<h2 class=\"elementor-heading-title elementor-size-default\">Contact <\/h2>\t\t\t\t<\/div>\n\t\t\t\t<\/div>\n\t\t\t\t<div class=\"elementor-element elementor-element-afa79de elementor-widget elementor-widget-text-editor\" data-id=\"afa79de\" data-element_type=\"widget\" data-widget_type=\"text-editor.default\">\n\t\t\t\t<div class=\"elementor-widget-container\">\n\t\t\t\t\t\t\t\t\t<p style=\"text-align: center;\"><strong><span style=\"color: #00003f;\">T\u00e9l\u00e9phone salle de soins : <\/span><a href=\"http:\/\/03.25.87.89.20\"><span style=\"color: #00003f;\">03.25.87.89.20<\/span> <\/a><\/strong><\/p>\t\t\t\t\t\t\t\t<\/div>\n\t\t\t\t<\/div>\n\t\t\t\t<div class=\"elementor-element elementor-element-e7ff46b elementor-widget-divider--view-line elementor-widget elementor-widget-divider\" data-id=\"e7ff46b\" data-element_type=\"widget\" data-widget_type=\"divider.default\">\n\t\t\t\t<div class=\"elementor-widget-container\">\n\t\t\t\t\t\t\t<div class=\"elementor-divider\">\n\t\t\t<span class=\"elementor-divider-separator\">\n\t\t\t\t\t\t<\/span>\n\t\t<\/div>\n\t\t\t\t\t\t<\/div>\n\t\t\t\t<\/div>\n\t\t\t\t<div class=\"elementor-element elementor-element-4abc614 elementor-widget elementor-widget-heading\" data-id=\"4abc614\" data-element_type=\"widget\" data-widget_type=\"heading.default\">\n\t\t\t\t<div class=\"elementor-widget-container\">\n\t\t\t\t\t<h2 class=\"elementor-heading-title elementor-size-default\">\u00c9quipes m\u00e9dicale | Collaboration avec les services ext\u00e9rieures<\/h2>\t\t\t\t<\/div>\n\t\t\t\t<\/div>\n\t\t\t\t<div class=\"elementor-element elementor-element-0b85bab elementor-widget elementor-widget-text-editor\" data-id=\"0b85bab\" data-element_type=\"widget\" data-widget_type=\"text-editor.default\">\n\t\t\t\t<div class=\"elementor-widget-container\">\n\t\t\t\t\t\t\t\t\t<p><span style=\"color: #00003f;\"><strong>ALGOLOGIE<\/strong><\/span><\/p><ul><li><span style=\"color: #00003f;\">Docteur RAULT<\/span><\/li><\/ul><p><span style=\"color: #00003f;\"><strong>ANGIOLOGIE<\/strong><\/span><\/p><ul><li><span style=\"color: #00003f;\">Docteur JANDOT<\/span><\/li><li><span style=\"color: #00003f;\">Docteur FALVO<\/span><\/li><li><span style=\"color: #00003f;\">Docteur GALLAND<\/span><\/li><\/ul><p><span style=\"color: #00003f;\"><strong>CARDIOLOGIE\u00a0:<\/strong><\/span><\/p><ul><li><span style=\"color: #00003f;\">Docteur MARTELET<\/span><\/li><li><span style=\"color: #00003f;\">Docteur MOUALLEM<\/span><\/li><li><span style=\"color: #00003f;\">Docteur GARNIER<\/span><\/li><li><span style=\"color: #00003f;\">Docteur FERRAND<\/span><\/li><\/ul><p><span style=\"color: #00003f;\"><strong>DIABETHOLOGIE \u2013 ENDOCRINOLOGIE<\/strong><\/span><\/p><ul><li><span style=\"color: #00003f;\">Docteur BRENNER<\/span><\/li><li><span style=\"color: #00003f;\">Docteur CREVISY<\/span><\/li><\/ul><p><span style=\"color: #00003f;\"><strong>NEPHROLOGIE<\/strong><\/span><\/p><ul><li><span style=\"color: #00003f;\">Docteur LEBHOUR<\/span><\/li><li><span style=\"color: #00003f;\">Docteur ZANETTA<\/span><\/li><\/ul><p><span style=\"color: #00003f;\"><strong>NEURO-CHIRURGIE<\/strong><\/span><\/p><ul><li><span style=\"color: #00003f;\">Docteur BORSOTTI<\/span><\/li><\/ul><p><span style=\"color: #00003f;\"><strong>NEUROLOGIE<\/strong><\/span><\/p><ul><li><span style=\"color: #00003f;\">Docteur MANCEAU<\/span><\/li><\/ul><p><span style=\"color: #00003f;\"><strong>PNEUMO-ONCOLOGIE<\/strong><\/span><\/p><ul><li><span style=\"color: #00003f;\">Docteur QUILOT<\/span><\/li><\/ul><p><span style=\"color: #00003f;\"><strong>PNEUMOLOGIE<\/strong><\/span><\/p><ul><li><span style=\"color: #00003f;\">Docteur GRANGEON<\/span><\/li><li><span style=\"color: #00003f;\">Docteur SPANJAARD<\/span><\/li><\/ul><p><span style=\"color: #00003f;\"><strong>RHUMATOLOGIE<\/strong><\/span><\/p><ul><li><span style=\"color: #00003f;\">Docteur COIC<\/span><\/li><\/ul><p><span style=\"color: #00003f;\">Cadre de sant\u00e9 : Mme BAYETTE<\/span><\/p>\t\t\t\t\t\t\t\t<\/div>\n\t\t\t\t<\/div>\n\t\t\t\t<div class=\"elementor-element elementor-element-f9b2359 elementor-widget elementor-widget-heading\" data-id=\"f9b2359\" data-element_type=\"widget\" data-widget_type=\"heading.default\">\n\t\t\t\t<div class=\"elementor-widget-container\">\n\t\t\t\t\t<h2 class=\"elementor-heading-title elementor-size-default\">Investigations<\/h2>\t\t\t\t<\/div>\n\t\t\t\t<\/div>\n\t\t\t\t<div class=\"elementor-element elementor-element-5652027 elementor-widget elementor-widget-text-editor\" data-id=\"5652027\" data-element_type=\"widget\" data-widget_type=\"text-editor.default\">\n\t\t\t\t<div class=\"elementor-widget-container\">\n\t\t\t\t\t\t\t\t\t<ul><li><span style=\"color: #00003f;\">D\u00e9pistage du cancer colorectal par coloscopie<\/span><\/li><li><span style=\"color: #00003f;\">Bronchoscopie<\/span><\/li><li><span style=\"color: #00003f;\">Autres endoscopies<\/span><\/li><li><span style=\"color: #00003f;\">Consultations avanc\u00e9es d\u2019oncologie m\u00e9dicale et de radioth\u00e9rapie<\/span><\/li><li><span style=\"color: #00003f;\">Pose de chambre implantable \u00e0 la clinique de la Compassion<\/span><\/li><\/ul>\t\t\t\t\t\t\t\t<\/div>\n\t\t\t\t<\/div>\n\t\t\t\t<div class=\"elementor-element elementor-element-9899b9e elementor-widget elementor-widget-heading\" data-id=\"9899b9e\" data-element_type=\"widget\" data-widget_type=\"heading.default\">\n\t\t\t\t<div class=\"elementor-widget-container\">\n\t\t\t\t\t<h2 class=\"elementor-heading-title elementor-size-default\">Localisation<\/h2>\t\t\t\t<\/div>\n\t\t\t\t<\/div>\n\t\t\t\t<div class=\"elementor-element elementor-element-f07c950 elementor-widget elementor-widget-text-editor\" data-id=\"f07c950\" data-element_type=\"widget\" data-widget_type=\"text-editor.default\">\n\t\t\t\t<div class=\"elementor-widget-container\">\n\t\t\t\t\t\t\t\t\t<p><span style=\"color: #00003f;\">Le service se situe au 3i\u00e8me \u00e9tage du b\u00e2timent des Dominicaines et comporte 4 chambres individuelles avec cabinet de toilette et t\u00e9l\u00e9vision (gratuite)<\/span><\/p>\t\t\t\t\t\t\t\t<\/div>\n\t\t\t\t<\/div>\n\t\t\t\t\t<\/div>\n\t\t<\/div>\n\t\t\t\t\t<\/div>\n\t\t<\/section>\n\t\t\t\t<\/div>\n\t\t","protected":false},"excerpt":{"rendered":"<p>M\u00e9decine E &#8211; Consultations\/HDJ (Algologie, Angiologie, Cardiologie, Diab\u00e9tologie-Endocrinologie, N\u00e9phrologie, Neuro-Chirurgie, Neurologie, Pneumo-Oncologie, Pneumologie, Rhumatologie). Contact T\u00e9l\u00e9phone salle de soins : 03.25.87.89.20 \u00c9quipes m\u00e9dicale | Collaboration avec les services ext\u00e9rieures ALGOLOGIE Docteur RAULT ANGIOLOGIE Docteur JANDOT Docteur FALVO Docteur GALLAND CARDIOLOGIE\u00a0: Docteur MARTELET Docteur MOUALLEM Docteur GARNIER Docteur FERRAND DIABETHOLOGIE \u2013 ENDOCRINOLOGIE Docteur BRENNER Docteur CREVISY [&hellip;]<\/p>\n","protected":false},"author":2,"featured_media":0,"parent":0,"menu_order":0,"comment_status":"closed","ping_status":"closed","template":"","meta":{"ocean_post_layout":"","ocean_both_sidebars_style":"","ocean_both_sidebars_content_width":0,"ocean_both_sidebars_sidebars_width":0,"ocean_sidebar":"","ocean_second_sidebar":"","ocean_disable_margins":"enable","ocean_add_body_class":"","ocean_shortcode_before_top_bar":"","ocean_shortcode_after_top_bar":"","ocean_shortcode_before_header":"","ocean_shortcode_after_header":"","ocean_has_shortcode":"","ocean_shortcode_after_title":"","ocean_shortcode_before_footer_widgets":"","ocean_shortcode_after_footer_widgets":"","ocean_shortcode_before_footer_bottom":"","ocean_shortcode_after_footer_bottom":"","ocean_display_top_bar":"default","ocean_display_header":"default","ocean_header_style":"","ocean_center_header_left_menu":"","ocean_custom_header_template":"","ocean_custom_logo":0,"ocean_custom_retina_logo":0,"ocean_custom_logo_max_width":0,"ocean_custom_logo_tablet_max_width":0,"ocean_custom_logo_mobile_max_width":0,"ocean_custom_logo_max_height":0,"ocean_custom_logo_tablet_max_height":0,"ocean_custom_logo_mobile_max_height":0,"ocean_header_custom_menu":"","ocean_menu_typo_font_family":"","ocean_menu_typo_font_subset":"","ocean_menu_typo_font_size":0,"ocean_menu_typo_font_size_tablet":0,"ocean_menu_typo_font_size_mobile":0,"ocean_menu_typo_font_size_unit":"px","ocean_menu_typo_font_weight":"","ocean_menu_typo_font_weight_tablet":"","ocean_menu_typo_font_weight_mobile":"","ocean_menu_typo_transform":"","ocean_menu_typo_transform_tablet":"","ocean_menu_typo_transform_mobile":"","ocean_menu_typo_line_height":0,"ocean_menu_typo_line_height_tablet":0,"ocean_menu_typo_line_height_mobile":0,"ocean_menu_typo_line_height_unit":"","ocean_menu_typo_spacing":0,"ocean_menu_typo_spacing_tablet":0,"ocean_menu_typo_spacing_mobile":0,"ocean_menu_typo_spacing_unit":"","ocean_menu_link_color":"","ocean_menu_link_color_hover":"","ocean_menu_link_color_active":"","ocean_menu_link_background":"","ocean_menu_link_hover_background":"","ocean_menu_link_active_background":"","ocean_menu_social_links_bg":"","ocean_menu_social_hover_links_bg":"","ocean_menu_social_links_color":"","ocean_menu_social_hover_links_color":"","ocean_disable_title":"default","ocean_disable_heading":"default","ocean_post_title":"","ocean_post_subheading":"","ocean_post_title_style":"","ocean_post_title_background_color":"","ocean_post_title_background":0,"ocean_post_title_bg_image_position":"","ocean_post_title_bg_image_attachment":"","ocean_post_title_bg_image_repeat":"","ocean_post_title_bg_image_size":"","ocean_post_title_height":0,"ocean_post_title_bg_overlay":0.5,"ocean_post_title_bg_overlay_color":"","ocean_disable_breadcrumbs":"default","ocean_breadcrumbs_color":"","ocean_breadcrumbs_separator_color":"","ocean_breadcrumbs_links_color":"","ocean_breadcrumbs_links_hover_color":"","ocean_display_footer_widgets":"default","ocean_display_footer_bottom":"default","ocean_custom_footer_template":"","footnotes":""},"class_list":["post-2227","page","type-page","status-publish","hentry","entry"],"_links":{"self":[{"href":"https:\/\/www.ch-shm.fr\/index.php?rest_route=\/wp\/v2\/pages\/2227","targetHints":{"allow":["GET"]}}],"collection":[{"href":"https:\/\/www.ch-shm.fr\/index.php?rest_route=\/wp\/v2\/pages"}],"about":[{"href":"https:\/\/www.ch-shm.fr\/index.php?rest_route=\/wp\/v2\/types\/page"}],"author":[{"embeddable":true,"href":"https:\/\/www.ch-shm.fr\/index.php?rest_route=\/wp\/v2\/users\/2"}],"replies":[{"embeddable":true,"href":"https:\/\/www.ch-shm.fr\/index.php?rest_route=%2Fwp%2Fv2%2Fcomments&post=2227"}],"version-history":[{"count":23,"href":"https:\/\/www.ch-shm.fr\/index.php?rest_route=\/wp\/v2\/pages\/2227\/revisions"}],"predecessor-version":[{"id":4500,"href":"https:\/\/www.ch-shm.fr\/index.php?rest_route=\/wp\/v2\/pages\/2227\/revisions\/4500"}],"wp:attachment":[{"href":"https:\/\/www.ch-shm.fr\/index.php?rest_route=%2Fwp%2Fv2%2Fmedia&parent=2227"}],"curies":[{"name":"wp","href":"https:\/\/api.w.org\/{rel}","templated":true}]}}