{"id":1125,"date":"2021-04-20T11:30:18","date_gmt":"2021-04-20T09:30:18","guid":{"rendered":"http:\/\/192.0.0.130\/wordpress\/?page_id=1125"},"modified":"2025-01-10T15:59:20","modified_gmt":"2025-01-10T14:59:20","slug":"vaccination","status":"publish","type":"page","link":"https:\/\/www.ch-shm.fr\/?page_id=1125","title":{"rendered":"Site de vaccination"},"content":{"rendered":"\t\t<div data-elementor-type=\"wp-page\" data-elementor-id=\"1125\" class=\"elementor elementor-1125\">\n\t\t\t\t\t\t<section class=\"elementor-section elementor-top-section elementor-element elementor-element-d576ca0 elementor-section-boxed elementor-section-height-default elementor-section-height-default\" data-id=\"d576ca0\" data-element_type=\"section\">\n\t\t\t\t\t\t<div class=\"elementor-container elementor-column-gap-default\">\n\t\t\t\t\t<div class=\"elementor-column elementor-col-100 elementor-top-column elementor-element elementor-element-edfeb9c\" data-id=\"edfeb9c\" data-element_type=\"column\">\n\t\t\t<div class=\"elementor-widget-wrap elementor-element-populated\">\n\t\t\t\t\t\t<div class=\"elementor-element elementor-element-e85c857 elementor-widget elementor-widget-heading\" data-id=\"e85c857\" data-element_type=\"widget\" data-widget_type=\"heading.default\">\n\t\t\t\t<div class=\"elementor-widget-container\">\n\t\t\t\t\t<h2 class=\"elementor-heading-title elementor-size-large\">Vaccination<\/h2>\t\t\t\t<\/div>\n\t\t\t\t<\/div>\n\t\t\t\t\t<\/div>\n\t\t<\/div>\n\t\t\t\t\t<\/div>\n\t\t<\/section>\n\t\t\t\t<section class=\"elementor-section elementor-top-section elementor-element elementor-element-7183c29 elementor-section-boxed elementor-section-height-default elementor-section-height-default\" data-id=\"7183c29\" data-element_type=\"section\">\n\t\t\t\t\t\t<div class=\"elementor-container elementor-column-gap-default\">\n\t\t\t\t\t<div class=\"elementor-column elementor-col-100 elementor-top-column elementor-element elementor-element-2247bb7\" data-id=\"2247bb7\" data-element_type=\"column\">\n\t\t\t<div class=\"elementor-widget-wrap elementor-element-populated\">\n\t\t\t\t\t\t<div class=\"elementor-element elementor-element-5bbf354 elementor-widget elementor-widget-text-editor\" data-id=\"5bbf354\" data-element_type=\"widget\" data-widget_type=\"text-editor.default\">\n\t\t\t\t<div class=\"elementor-widget-container\">\n\t\t\t\t\t\t\t\t\t<p style=\"text-align: center;\"><span style=\"font-size: 12pt; font-family: georgia, palatino, serif; color: #000000;\">Le CH de Bourbonne les bains vous accueille pour la vaccination COVID :<\/span><\/p><p style=\"text-align: center;\"><span style=\"font-size: 12pt; font-family: georgia, palatino, serif; color: #000000;\">Notre centre de vaccination vous permet de vous faire vacciner contre le COVID-19. Via <a style=\"color: #000000;\" href=\"https:\/\/www.doctolib.fr\/hopital-public\/bourbonne-les-bains\/centre-de-vaccination-covid-ch-de-bourbonne-les-bains\">Doctolib<\/a>\u00a0(..)\u00a0ou par t\u00e9l\u00e9phone au 03 25 87 70 07.\u00a0<\/span><\/p><p class=\"MsoNormal\" style=\"text-align: center;\"><span style=\"font-size: 12pt; font-family: georgia, palatino, serif; color: #000000;\">Vous pouvez directement r\u00e9server vos 2 rendez-vous correspondant aux 2 injections du vaccin.<\/span><span style=\"color: #000000; font-family: georgia, palatino, serif; font-size: 12pt;\">\u00a0<\/span><\/p><p style=\"text-align: center;\"><span style=\"font-size: 12pt; font-family: georgia, palatino, serif; color: #000000;\">Veuillez respecter les consignes affich\u00e9es lors de votre prise de rendez-vous sur Doctolib et notamment votre \u00e9ligibilit\u00e9 \u00e0 la vaccination<\/span><\/p>\t\t\t\t\t\t\t\t<\/div>\n\t\t\t\t<\/div>\n\t\t\t\t\t<\/div>\n\t\t<\/div>\n\t\t\t\t\t<\/div>\n\t\t<\/section>\n\t\t\t\t<section class=\"elementor-section elementor-top-section elementor-element elementor-element-b301619 elementor-section-boxed elementor-section-height-default elementor-section-height-default\" data-id=\"b301619\" data-element_type=\"section\">\n\t\t\t\t\t\t<div class=\"elementor-container elementor-column-gap-default\">\n\t\t\t\t\t<div class=\"elementor-column elementor-col-100 elementor-top-column elementor-element elementor-element-27ab1da\" data-id=\"27ab1da\" data-element_type=\"column\">\n\t\t\t<div class=\"elementor-widget-wrap elementor-element-populated\">\n\t\t\t\t\t\t<div class=\"elementor-element elementor-element-3702014 elementor-widget elementor-widget-text-editor\" data-id=\"3702014\" data-element_type=\"widget\" data-widget_type=\"text-editor.default\">\n\t\t\t\t<div class=\"elementor-widget-container\">\n\t\t\t\t\t\t\t\t\t<p style=\"text-align: center;\"><a href=\"https:\/\/www.doctolib.fr\/hopital-public\/bourbonne-les-bains\/centre-de-vaccination-covid-ch-de-bourbonne-les-bains\"><span style=\"font-size: 12pt; color: #000000;\">Prenez votre rendez-vous en ligne sur Doctolib<\/span><\/a><\/p>\t\t\t\t\t\t\t\t<\/div>\n\t\t\t\t<\/div>\n\t\t\t\t\t<\/div>\n\t\t<\/div>\n\t\t\t\t\t<\/div>\n\t\t<\/section>\n\t\t\t\t<section class=\"elementor-section elementor-top-section elementor-element elementor-element-9e1a29b elementor-section-boxed elementor-section-height-default elementor-section-height-default\" data-id=\"9e1a29b\" data-element_type=\"section\">\n\t\t\t\t\t\t<div class=\"elementor-container elementor-column-gap-default\">\n\t\t\t\t\t<div class=\"elementor-column elementor-col-100 elementor-top-column elementor-element elementor-element-67d2f38\" data-id=\"67d2f38\" data-element_type=\"column\">\n\t\t\t<div class=\"elementor-widget-wrap elementor-element-populated\">\n\t\t\t\t\t\t<div class=\"elementor-element elementor-element-1aca0b8 elementor-widget elementor-widget-text-editor\" data-id=\"1aca0b8\" data-element_type=\"widget\" data-widget_type=\"text-editor.default\">\n\t\t\t\t<div class=\"elementor-widget-container\">\n\t\t\t\t\t\t\t\t\t<h4 class=\"dl-profile-card-subtitle\" style=\"text-align: center;\"><span style=\"font-size: 14pt;\">Ouverture du secr\u00e9tariat<\/span><\/h4><div class=\"js-opening-hours\" data-props=\"{\"><div data-test=\"opening-hours\"><div class=\"dl-openings-day-label\" style=\"text-align: center;\"><span style=\"font-size: 12pt; color: #000000;\">Mercredi : 09h00 &#8211; 13h00\u00a0 \u00a013h30 &#8211; 17h00<\/span><\/div><div class=\"dl-openings-day-label\" style=\"text-align: center;\">\u00a0<\/div><\/div><\/div>\t\t\t\t\t\t\t\t<\/div>\n\t\t\t\t<\/div>\n\t\t\t\t\t<\/div>\n\t\t<\/div>\n\t\t\t\t\t<\/div>\n\t\t<\/section>\n\t\t\t\t<section class=\"elementor-section elementor-top-section elementor-element elementor-element-464c7c5 elementor-section-boxed elementor-section-height-default elementor-section-height-default\" data-id=\"464c7c5\" data-element_type=\"section\">\n\t\t\t\t\t\t<div class=\"elementor-container elementor-column-gap-default\">\n\t\t\t\t\t<div class=\"elementor-column elementor-col-50 elementor-top-column elementor-element elementor-element-2539ba2\" data-id=\"2539ba2\" data-element_type=\"column\">\n\t\t\t<div class=\"elementor-widget-wrap elementor-element-populated\">\n\t\t\t\t\t\t<div class=\"elementor-element elementor-element-6f8f18e elementor-widget elementor-widget-text-editor\" data-id=\"6f8f18e\" data-element_type=\"widget\" data-widget_type=\"text-editor.default\">\n\t\t\t\t<div class=\"elementor-widget-container\">\n\t\t\t\t\t\t\t\t\t<h3 class=\"dl-profile-card-title\" style=\"text-align: center;\"><span style=\"font-size: 14pt;\">Carte et informations d&rsquo;acc\u00e8s<\/span><\/h3><div><div class=\"dl-profile-text\" style=\"text-align: center;\"><div><span style=\"color: #000000;\">1 Rue Terrail Lemoine, 52400 Bourbonne-les-Bains &#8211; Salle Sarah Bernhardt<\/span><\/div><div><span style=\"color: #000000;\">\u00a0<\/span><\/div><\/div><div class=\"dl-profile-text\"><h4 class=\"dl-profile-card-subtitle\" style=\"text-align: center;\"><span style=\"color: #000000;\">Informations pratiques<\/span><\/h4><p style=\"text-align: center;\"><span style=\"color: #000000;\">Rez-de-chauss\u00e9e<\/span><br \/><span style=\"color: #000000;\">Acc\u00e8s handicap\u00e9<\/span><br \/><span style=\"color: #000000;\">Parking gratuit<\/span><\/p><\/div><\/div>\t\t\t\t\t\t\t\t<\/div>\n\t\t\t\t<\/div>\n\t\t\t\t\t<\/div>\n\t\t<\/div>\n\t\t\t\t<div class=\"elementor-column elementor-col-50 elementor-top-column elementor-element elementor-element-fa42ad3\" data-id=\"fa42ad3\" data-element_type=\"column\">\n\t\t\t<div class=\"elementor-widget-wrap elementor-element-populated\">\n\t\t\t\t\t\t<div class=\"elementor-element elementor-element-3c22963 elementor-widget elementor-widget-google_maps\" data-id=\"3c22963\" data-element_type=\"widget\" data-widget_type=\"google_maps.default\">\n\t\t\t\t<div class=\"elementor-widget-container\">\n\t\t\t\t\t\t\t<div class=\"elementor-custom-embed\">\n\t\t\t<iframe loading=\"lazy\"\n\t\t\t\t\tsrc=\"https:\/\/maps.google.com\/maps?q=1%20Rue%20Terrail%20Lemoine%2C%2052400%20Bourbonne-les-Bains&#038;t=m&#038;z=15&#038;output=embed&#038;iwloc=near\"\n\t\t\t\t\ttitle=\"1 Rue Terrail Lemoine, 52400 Bourbonne-les-Bains\"\n\t\t\t\t\taria-label=\"1 Rue Terrail Lemoine, 52400 Bourbonne-les-Bains\"\n\t\t\t><\/iframe>\n\t\t<\/div>\n\t\t\t\t\t\t<\/div>\n\t\t\t\t<\/div>\n\t\t\t\t\t<\/div>\n\t\t<\/div>\n\t\t\t\t\t<\/div>\n\t\t<\/section>\n\t\t\t\t<section class=\"elementor-section elementor-top-section elementor-element elementor-element-79298f3 elementor-section-boxed elementor-section-height-default elementor-section-height-default\" data-id=\"79298f3\" data-element_type=\"section\">\n\t\t\t\t\t\t<div class=\"elementor-container elementor-column-gap-default\">\n\t\t\t\t\t<div class=\"elementor-column elementor-col-100 elementor-top-column elementor-element elementor-element-22b7950\" data-id=\"22b7950\" data-element_type=\"column\">\n\t\t\t<div class=\"elementor-widget-wrap elementor-element-populated\">\n\t\t\t\t\t\t<div class=\"elementor-element elementor-element-76b3fa5 elementor-widget elementor-widget-spacer\" data-id=\"76b3fa5\" data-element_type=\"widget\" data-widget_type=\"spacer.default\">\n\t\t\t\t<div class=\"elementor-widget-container\">\n\t\t\t\t\t\t\t<div class=\"elementor-spacer\">\n\t\t\t<div class=\"elementor-spacer-inner\"><\/div>\n\t\t<\/div>\n\t\t\t\t\t\t<\/div>\n\t\t\t\t<\/div>\n\t\t\t\t\t<\/div>\n\t\t<\/div>\n\t\t\t\t\t<\/div>\n\t\t<\/section>\n\t\t\t\t<section class=\"elementor-section elementor-top-section elementor-element elementor-element-7a3b923 elementor-section-boxed elementor-section-height-default elementor-section-height-default\" data-id=\"7a3b923\" data-element_type=\"section\">\n\t\t\t\t\t\t<div class=\"elementor-container elementor-column-gap-default\">\n\t\t\t\t\t<div class=\"elementor-column elementor-col-100 elementor-top-column elementor-element elementor-element-5893733\" data-id=\"5893733\" data-element_type=\"column\">\n\t\t\t<div class=\"elementor-widget-wrap elementor-element-populated\">\n\t\t\t\t\t\t<div class=\"elementor-element elementor-element-0ddc216 elementor-widget elementor-widget-text-editor\" data-id=\"0ddc216\" data-element_type=\"widget\" data-widget_type=\"text-editor.default\">\n\t\t\t\t<div class=\"elementor-widget-container\">\n\t\t\t\t\t\t\t\t\t<p style=\"text-align: center;\"><span style=\"font-size: 14pt; color: #000000;\">Covid-19:<\/span><strong><span style=\"font-size: 14pt; color: #000000;\"> Bon \u00e0 savoir<\/span><\/strong><\/p><h3 class=\"dl-text dl-text-title dl-text-bold dl-text-s dl-coronavirus-text-body dl-margin-b dl-margin-t-s\" style=\"text-align: center;\">Les vaccins Moderna et Pfizer sont \u00e9quivalents : ils s&rsquo;appuient tous les deux sur la technologie de l&rsquo;ARN messager et pr\u00e9sentent une efficacit\u00e9 comparable, proche de 95%. Ils sont aussi bien tol\u00e9r\u00e9s l&rsquo;un que l&rsquo;autre.<\/h3><div>\u00a0<\/div><h3 class=\"dl-profile-card-subtitle\" style=\"text-align: center;\"><span style=\"font-size: 14pt;\">Tarifs et remboursements\u00a0\u00a0<\/span><\/h3><div class=\"dl-profile-text\"><div style=\"text-align: center;\"><span style=\"color: #000000; font-size: 12pt;\">Etablissement conventionn\u00e9<\/span><\/div><div style=\"text-align: center;\"><span style=\"color: #000000; font-size: 12pt;\">Carte Vitale accept\u00e9e<\/span><br \/><span style=\"color: #000000; font-size: 12pt;\">Tiers payant : S\u00e9curit\u00e9 sociale<\/span><\/div><div style=\"text-align: center;\"><span style=\"color: #000000; font-size: 12pt;\">\u00a0<\/span><\/div><div style=\"text-align: center;\"><span style=\"color: #000000; font-size: 12pt;\">\u00a0<\/span><\/div><\/div><div><span style=\"font-size: 14pt; color: #000000;\">Quelles sont les 3 \u00e9tapes majeures de la fabrication d&rsquo;un vaccin ?\u00a0<\/span><\/div>\t\t\t\t\t\t\t\t<\/div>\n\t\t\t\t<\/div>\n\t\t\t\t\t<\/div>\n\t\t<\/div>\n\t\t\t\t\t<\/div>\n\t\t<\/section>\n\t\t\t\t<section class=\"elementor-section elementor-top-section elementor-element elementor-element-9f9db4f elementor-section-boxed elementor-section-height-default elementor-section-height-default\" data-id=\"9f9db4f\" data-element_type=\"section\">\n\t\t\t\t\t\t<div class=\"elementor-container elementor-column-gap-default\">\n\t\t\t\t\t<div class=\"elementor-column elementor-col-100 elementor-top-column elementor-element elementor-element-6b961f1\" data-id=\"6b961f1\" data-element_type=\"column\">\n\t\t\t<div class=\"elementor-widget-wrap elementor-element-populated\">\n\t\t\t\t\t\t<div class=\"elementor-element elementor-element-a278baa elementor-widget elementor-widget-video\" data-id=\"a278baa\" data-element_type=\"widget\" data-settings=\"{&quot;youtube_url&quot;:&quot;https:\\\/\\\/www.youtube.com\\\/watch?v=SQYaxtZsYMw&quot;,&quot;video_type&quot;:&quot;youtube&quot;,&quot;controls&quot;:&quot;yes&quot;}\" data-widget_type=\"video.default\">\n\t\t\t\t<div class=\"elementor-widget-container\">\n\t\t\t\t\t\t\t<div class=\"elementor-wrapper elementor-open-inline\">\n\t\t\t<div class=\"elementor-video\"><\/div>\t\t<\/div>\n\t\t\t\t\t\t<\/div>\n\t\t\t\t<\/div>\n\t\t\t\t\t<\/div>\n\t\t<\/div>\n\t\t\t\t\t<\/div>\n\t\t<\/section>\n\t\t\t\t<\/div>\n\t\t","protected":false},"excerpt":{"rendered":"<p>Vaccination Le CH de Bourbonne les bains vous accueille pour la vaccination COVID : Notre centre de vaccination vous permet de vous faire vacciner contre le COVID-19. Via Doctolib\u00a0(..)\u00a0ou par t\u00e9l\u00e9phone au 03 25 87 70 07.\u00a0 Vous pouvez directement r\u00e9server vos 2 rendez-vous correspondant aux 2 injections du vaccin.\u00a0 Veuillez respecter les consignes affich\u00e9es [&hellip;]<\/p>\n","protected":false},"author":1,"featured_media":0,"parent":54,"menu_order":0,"comment_status":"closed","ping_status":"closed","template":"","meta":{"ocean_post_layout":"full-screen","ocean_both_sidebars_style":"","ocean_both_sidebars_content_width":0,"ocean_both_sidebars_sidebars_width":0,"ocean_sidebar":"0","ocean_second_sidebar":"0","ocean_disable_margins":"enable","ocean_add_body_class":"","ocean_shortcode_before_top_bar":"","ocean_shortcode_after_top_bar":"","ocean_shortcode_before_header":"","ocean_shortcode_after_header":"","ocean_has_shortcode":"","ocean_shortcode_after_title":"","ocean_shortcode_before_footer_widgets":"","ocean_shortcode_after_footer_widgets":"","ocean_shortcode_before_footer_bottom":"","ocean_shortcode_after_footer_bottom":"","ocean_display_top_bar":"default","ocean_display_header":"default","ocean_header_style":"","ocean_center_header_left_menu":"0","ocean_custom_header_template":"0","ocean_custom_logo":0,"ocean_custom_retina_logo":0,"ocean_custom_logo_max_width":0,"ocean_custom_logo_tablet_max_width":0,"ocean_custom_logo_mobile_max_width":0,"ocean_custom_logo_max_height":0,"ocean_custom_logo_tablet_max_height":0,"ocean_custom_logo_mobile_max_height":0,"ocean_header_custom_menu":"0","ocean_menu_typo_font_family":"0","ocean_menu_typo_font_subset":"","ocean_menu_typo_font_size":0,"ocean_menu_typo_font_size_tablet":0,"ocean_menu_typo_font_size_mobile":0,"ocean_menu_typo_font_size_unit":"px","ocean_menu_typo_font_weight":"","ocean_menu_typo_font_weight_tablet":"","ocean_menu_typo_font_weight_mobile":"","ocean_menu_typo_transform":"","ocean_menu_typo_transform_tablet":"","ocean_menu_typo_transform_mobile":"","ocean_menu_typo_line_height":0,"ocean_menu_typo_line_height_tablet":0,"ocean_menu_typo_line_height_mobile":0,"ocean_menu_typo_line_height_unit":"","ocean_menu_typo_spacing":0,"ocean_menu_typo_spacing_tablet":0,"ocean_menu_typo_spacing_mobile":0,"ocean_menu_typo_spacing_unit":"","ocean_menu_link_color":"","ocean_menu_link_color_hover":"","ocean_menu_link_color_active":"","ocean_menu_link_background":"","ocean_menu_link_hover_background":"","ocean_menu_link_active_background":"","ocean_menu_social_links_bg":"","ocean_menu_social_hover_links_bg":"","ocean_menu_social_links_color":"","ocean_menu_social_hover_links_color":"","ocean_disable_title":"default","ocean_disable_heading":"on","ocean_post_title":"","ocean_post_subheading":"","ocean_post_title_style":"","ocean_post_title_background_color":"","ocean_post_title_background":0,"ocean_post_title_bg_image_position":"","ocean_post_title_bg_image_attachment":"","ocean_post_title_bg_image_repeat":"","ocean_post_title_bg_image_size":"","ocean_post_title_height":0,"ocean_post_title_bg_overlay":0.5,"ocean_post_title_bg_overlay_color":"","ocean_disable_breadcrumbs":"default","ocean_breadcrumbs_color":"","ocean_breadcrumbs_separator_color":"","ocean_breadcrumbs_links_color":"","ocean_breadcrumbs_links_hover_color":"","ocean_display_footer_widgets":"default","ocean_display_footer_bottom":"default","ocean_custom_footer_template":"0","footnotes":""},"class_list":["post-1125","page","type-page","status-publish","hentry","entry"],"_links":{"self":[{"href":"https:\/\/www.ch-shm.fr\/index.php?rest_route=\/wp\/v2\/pages\/1125","targetHints":{"allow":["GET"]}}],"collection":[{"href":"https:\/\/www.ch-shm.fr\/index.php?rest_route=\/wp\/v2\/pages"}],"about":[{"href":"https:\/\/www.ch-shm.fr\/index.php?rest_route=\/wp\/v2\/types\/page"}],"author":[{"embeddable":true,"href":"https:\/\/www.ch-shm.fr\/index.php?rest_route=\/wp\/v2\/users\/1"}],"replies":[{"embeddable":true,"href":"https:\/\/www.ch-shm.fr\/index.php?rest_route=%2Fwp%2Fv2%2Fcomments&post=1125"}],"version-history":[{"count":92,"href":"https:\/\/www.ch-shm.fr\/index.php?rest_route=\/wp\/v2\/pages\/1125\/revisions"}],"predecessor-version":[{"id":1462,"href":"https:\/\/www.ch-shm.fr\/index.php?rest_route=\/wp\/v2\/pages\/1125\/revisions\/1462"}],"up":[{"embeddable":true,"href":"https:\/\/www.ch-shm.fr\/index.php?rest_route=\/wp\/v2\/pages\/54"}],"wp:attachment":[{"href":"https:\/\/www.ch-shm.fr\/index.php?rest_route=%2Fwp%2Fv2%2Fmedia&parent=1125"}],"curies":[{"name":"wp","href":"https:\/\/api.w.org\/{rel}","templated":true}]}}